. What is the units digit of b?
0
Let b = -28212 - -32234. What is the units digit of b?
2
Let k(r) be the second derivative of r**5/40 - 5*r**4/8 - 13*r**3/6 + 11*r. Let b(i) be the second derivative of k(i). What is the units digit of b(7)?
6
Suppose 9 = 3*b - 0*b, b + 121 = 4*t. Let k(j) = j**3 - 7*j**2 - 9*j + 1. Let c be k(8). Let a = c + t. What is the tens digit of a?
2
Let c(q) = 792*q**2 + 613*q - 3658. What is the hundreds digit of c(6)?
5
Let h(s) = 845*s - 5996. What is the thousands digit of h(44)?
1
Let w(h) = 195*h**2 - 180*h + 147. What is the thousands digit of w(-14)?
0
Let z(a) = -132*a**3 - 161*a**2 - 790*a + 13. What is the ten thousands digit of z(-5)?
1
Let c(r) = -r**3 - 3*r**2. Let p be c(-3). Suppose 3*d - 8*d - 2*w - 6 = p, -w = -5*d - 12. What is the tens digit of ((-258)/(-12))/(d/(-4))?
4
Suppose 4*i + s + 8 + 31 = 0, 0 = i + 3*s + 7. Let b be (-60)/36*12/i. What is the tens digit of 36 + (b - -2) + -3?
3
Let l = -22515 + 57077. What is the thousands digit of l?
4
Suppose -2*w + 8852 + 2610 = 2*g, 0 = -4*w + g + 22914. What is the hundreds digit of w?
7
Let g(i) be the second derivative of 0 + 5*i**2 + 13*i - 1/3*i**3. What is the tens digit of g(-19)?
4
Suppose -121193 = -19*h + 108094 + 22767. What is the ten thousands digit of h?
1
Suppose 0 = 321*o - 319*o - 7352. What is the tens digit of o?
7
Let c = -408 - -4722. What is the thousands digit of c?
4
What is the tens digit of ((-52210)/20)/((-4)/8) + 3?
2
Suppose -152*g + 79*g = -83*g + 270980. What is the ten thousands digit of g?
2
Let r(g) = -g**2 + 46*g - 18. Suppose 6*f - 34 = 4*f. What is the units digit of r(f)?
5
Suppose 2555*o = 2643*o - 6021752. What is the units digit of o?
9
Let l(k) = 7*k - 53. Let g be l(8). Suppose 0 = -r - g, 2*n + 3*r - 553 = 8*r. What is the units digit of n?
9
Let n = -200 + 137. Let z = n - -67. What is the units digit of z*(-64)/(-4) + 0?
4
Suppose 5*p - 8*f + 6*f = 41, -p = -4*f - 19. What is the tens digit of 9 - p - (-554 + 3)?
5
Let f = 48 - 46. Let r(h) = 1 + 19*h + 0 - 1 + 6. What is the units digit of r(f)?
4
Let z(s) = 21 + 29*s**2 - 8 - 40*s**3 - 47*s + 41*s**3. What is the tens digit of z(-30)?
2
Suppose -3*w + 9675*y + 247377 = 9677*y, 4*y = 2*w - 164918. What is the ten thousands digit of w?
8
Let i(k) = 3785*k - 1069. What is the units digit of i(21)?
6
Let w = 31 - 28. Let m be -19 + 2 + (w - 4). Let b = m - -43. What is the tens digit of b?
2
Let x(t) be the second derivative of 172*t**4/3 - 4*t**3/3 + 3*t**2 - 74*t. What is the hundreds digit of x(1)?
6
Let m = -4043 + 6582. What is the thousands digit of m?
2
Suppose -117890 = 4259*w - 4264*w. What is the thousands digit of w?
3
Let m(z) = 5. Let l(r) = r - 6. Let t(f) = 2*l(f) + 3*m(f). Let h be t(-1). What is the tens digit of 344/10 - ((-10)/(-25))/h?
3
Suppose -64*q + 78*q = -36456. Let z = 3721 + q. What is the hundreds digit of z?
1
Let c be (-3)/(21/(-77)) + -6. Let n = 123 + c. What is the hundreds digit of n?
1
Let r = 21894 - 6377. What is the units digit of r?
7
Let j = -477 - -294. Let l be ((-1)/2)/(1/238). Let z = l - j. What is the tens digit of z?
6
Let d(y) = -5*y**2 - y - 165. Let l be d(-11). Let x = l + 1875. What is the hundreds digit of x?
1
Let i = -240 - -360. Let p = i + 99. What is the hundreds digit of p?
2
Let s be (2 + -4)*(1 - -9). Let h be 1*(-1 + s/(-5)). Suppose 5*z - 455 = -3*f, 2*f - 423 = -f + h*z. What is the tens digit of f?
4
Suppose 3*r = 2*m + 23, -6*r + 7 = -m - 9*r. Let w(c) = 9*c**2 - 15*c - 63. What is the tens digit of w(m)?
8
Let y = -61 + 66. Suppose y*w + h - 234 = 0, -w + 164 = 3*w - 5*h. Suppose -39*g - 812 = -w*g. What is the tens digit of g?
1
Suppose 4*p = -2*h + 56 + 44, 4*h - 212 = -5*p. Suppose -66*y + h*y = -1424. What is the tens digit of y?
7
Let k(w) = -67*w**3 - 32*w**2 - 15*w - 1. What is the ten thousands digit of k(-8)?
3
Let y(b) = 278*b - 47. Let n(x) = 1386*x - 237. Let j(m) = 4*n(m) - 21*y(m). What is the tens digit of j(-5)?
0
What is the tens digit of (-236)/(-2360) - 56809/(-10)?
8
Suppose -4*t + 24 = -3*y, t - 7 = -y + 2*y. Let o be ((-35)/(-15) - 3)/(t/(-477)). Suppose v - 2 = 0, -5*l + o = -2*v - 80. What is the tens digit of l?
3
Let p(y) = y**3 - 14*y**2 - 21*y - 39. Suppose r - 10 = 6. What is the hundreds digit of p(r)?
1
Let f = -417 - 60. Let m be f/(-3) + 2 - 4. Suppose 0 = -3*v - 0*u - 2*u + m, -2*v - 4*u = -110. What is the tens digit of v?
5
Suppose -2*i - 11808 = -11*i. Let j = i + -693. What is the hundreds digit of j?
6
What is the thousands digit of (-2)/2*((-15587 - 22) + -20) - -1?
5
Let s = -3127 + 30093. What is the tens digit of s?
6
Let u(s) = 982*s**2 - 321*s - 2570. What is the thousands digit of u(-8)?
2
Let t = -286 + 606. Let b = t - -591. What is the tens digit of b?
1
Suppose 5*b = 5*r, b = -3*r + 11 + 5. Suppose 5*s + 2737 = 3*a + 500, -5*s = -b*a + 2986. What is the tens digit of a?
4
What is the thousands digit of (-394610)/4*(20/(-25) + (-20)/(-50))?
9
Suppose 60752 = 11*j - 6*j - 4*z, z - 2 = 0. What is the ten thousands digit of j?
1
Suppose 4*c - 16 = 5*t, -5*c - 61 = -2*t - 64. Let d(u) be the third derivative of 63*u**5/20 - u**4/4 - 5*u**3/6 - u**2. What is the tens digit of d(c)?
9
Let l(d) = d**3 + 37*d**2 - 48*d + 63. Suppose 0 = 2*k + 6*h - 3*h + 79, 0 = -4*k + 2*h - 150. What is the hundreds digit of l(k)?
4
Let n be (60/50)/((-6)/(-140)). Let a(q) = 11*q - 108. What is the tens digit of a(n)?
0
Let t be 35/(-35) + (1 - 2)*-1. Suppose s = -12*f + 15*f - 394, t = -4*f + 2*s + 526. What is the tens digit of f?
3
Let q(v) = 293*v**2 - 19*v - 18. Let o be q(-1). Let w = o + -237. What is the units digit of w?
7
Suppose -c + 3*p + 1492 = -0*c, -p = 2*c - 3019. Suppose 13*k - 24*k + c = 0. What is the units digit of k?
7
Let h be 1/((-4)/(-120)*2). Suppose -3*o - 2*y + 17 = 0, 6*y = o + 2*y - h. Suppose 350 = -2*n + o*n. What is the tens digit of n?
7
Let w be (0 + -6)*(-18)/(-27). Let u be (6/5)/((-462)/120 - w). Suppose -u*k = 3*k - 220. What is the tens digit of k?
2
Let z(y) = 104*y**2 - y + 14. What is the units digit of z(5)?
9
Let s(h) = -h**2 - 13*h - 23. Let o be s(-10). Suppose 1800 = o*d - d. Suppose 6*a - 36 = d. What is the tens digit of a?
5
Suppose -1691046 + 346670 = -88*y. What is the hundreds digit of y?
2
Let i be (5 - (-4 + 8)) + (-5 - -17). Suppose 96 = 3*d - 5*s, -3*s + 5 = d - i. What is the tens digit of d?
2
Let l = 825 - 392. Let o = -214 + l. What is the hundreds digit of o?
2
Suppose 0 = 145*v + 81*v - 329738 - 1436678. What is the hundreds digit of v?
8
Suppose 70 = 4*k + 3*i, 109 = 5*k - 5*i + 4. Suppose -k*x + 17*x = 12. Let y(s) = -s**3 - 5*s**2 + 2*s + 22. What is the units digit of y(x)?
6
Suppose 144*r - 139*r = 15. Suppose 0 = r*d + 41 - 1268. What is the hundreds digit of d?
4
Let s(p) = 5*p**2 + 9*p - 49. Let w = 883 + -899. What is the hundreds digit of s(w)?
0
Suppose 221*p - 2236095 + 49742 = 0. What is the thousands digit of p?
9
Suppose 63*i - 671603 = -61763. What is the units digit of i?
0
Suppose 27 = -2*u + 11*u. Suppose -151 = u*x - 1159. What is the tens digit of x?
3
Let m(s) = -s + 9 + 2*s + 7*s + 26. Suppose 2*u = -564 + 590. What is the hundreds digit of m(u)?
1
Let r = -242 - -246. Let j(k) = 4*k - 3 - 2 + 4 + 2. What is the tens digit of j(r)?
1
Suppose 2*p - i = 78345 + 16387, p + i - 47360 = 0. What is the thousands digit of p?
7
Let y(n) = n**3 - 14*n**2 - 33*n + 28. Let b be y(16). Suppose -7*m - 5575 = -b*m. What is the hundreds digit of m?
1
Let t be 23/7 - (-3 + 69/21). Suppose -i = -3*d - 45, -t*i - 2*d = 3*d - 149. Suppose 0 = 5*s + r - 250, 5*r + i = -s + 122. What is the units digit of s?
9
Let n(g) = g + 6. Let t = 87 + -77. Let v be n(t). Let a = v - -12. What is the tens digit of a?
2
Let o be 2/(28/210 + (-16)/(-30)). Suppose -5*l - 2971 = -2*r - 750, o*r - 2*l = 3304. What is the tens digit of r?
9
Let o(u) = -u**3 - 7*u**2 + 26*u + 22. Let w be o(-11). Let r = -39 + w. What is the tens digit of r?
8
Let t = -15074 - -26370. What is the tens digit of t?
9
Let h = 393 - -2438. Suppose -h = -19*a + 10469. What is the units digit of a?
0
Let d = 106 + -164. Let h = d + 62. Suppose -4*i - 81 = 2*f - 273, -h*f = 5*i - 387. What is the tens digit of f?
9
Suppose -v = -0*v - 1. 